e
Is 2119435973 prime?
True
Is 303921851 a composite number?
True
Is 229762151 prime?
True
Is 436276273 composite?
False
Is 4789830599 a prime number?
True
Is 2545394443 a prime number?
False
Is 256962353 a composite number?
True
Is 2207432747 a prime number?
False
Is 13955313091 prime?
True
Is 84066357107 composite?
False
Is 440638151 a composite number?
True
Is 61614080171 a prime number?
False
Is 630988577 a prime number?
False
Is 2811658219 a prime number?
True
Is 1127250611 a composite number?
False
Is 494351179 composite?
True
Is 3543779 composite?
True
Is 21815119751 a prime number?
False
Is 76306060529 a composite number?
False
Is 126976176841 prime?
False
Is 1951573099 composite?
True
Is 127526471 a prime number?
True
Is 82974253 a prime number?
False
Is 456978287 a prime number?
True
Is 4328251909 a composite number?
False
Is 6536353463 a composite number?
True
Is 77862007 a composite number?
False
Is 14604491173 a composite number?
True
Is 2681495639 a composite number?
True
Is 2049235051 prime?
False
Is 1559447329 a prime number?
False
Is 34790148233 a composite number?
True
Is 3714393541 composite?
True
Is 5309521079 prime?
False
Is 9989411 a prime number?
True
Is 6718923113 prime?
False
Is 3809766139 a composite number?
False
Is 133383077 prime?
True
Is 30853417607 composite?
False
Is 779568277 prime?
True
Is 33793984787 prime?
True
Is 1243644383 composite?
False
Is 56754884887 composite?
False
Is 120256931 prime?
True
Is 90885421 a composite number?
True
Is 27845756039 a composite number?
False
Is 851537629 composite?
False
Is 10450476745 composite?
True
Is 2977560127 a composite number?
False
Is 4595117063 a prime number?
True
Is 3787939901 composite?
True
Is 832996105 a composite number?
True
Is 417640361 composite?
False
Is 1298781353 a prime number?
True
Is 57716680267 a prime number?
False
Is 2077633219 prime?
False
Is 247218833 prime?
True
Is 1291048069 a composite number?
True
Is 34350738281 prime?
False
Is 4982040391 a composite number?
False
Is 362315953 a prime number?
False
Is 2074240627 composite?
True
Is 606772286 a composite number?
True
Is 872382043 a composite number?
True
Is 404363963 a composite number?
True
Is 13548222319 a prime number?
True
Is 16413571387 a prime number?
False
Is 35472454129 a prime number?
False
Is 1727146067 composite?
True
Is 1260146989 a prime number?
True
Is 2247872617 prime?
False
Is 37674776837 a prime number?
True
Is 420707647 a composite number?
True
Is 39381647 composite?
False
Is 49429141891 a composite number?
False
Is 3057753493 a composite number?
False
Is 43551523663 composite?
True
Is 11816898157 composite?
False
Is 66768798959 prime?
True
Is 1953276769 a composite number?
False
Is 60026964307 prime?
False
Is 8453574059 a composite number?
True
Is 2660180707 composite?
True
Is 16183380781 prime?
True
Is 418870511 a composite number?
True
Is 113056251857 prime?
False
Is 8940203099 a prime number?
True
Is 29297308867 composite?
False
Is 13551497 prime?
False
Is 46455197351 a prime number?
True
Is 1061559977 prime?
True
Is 923747369 a prime number?
False
Is 30369113881 a composite number?
False
Is 17329813973 composite?
False
Is 25369731493 composite?
False
Is 1164308962 prime?
False
Is 43347383621 composite?
False
Is 11350163389 a composite number?
False
Is 9535427431 prime?
True
Is 4235506109 a composite number?
True
Is 25768042007 a composite number?
False
Is 2964818903 a composite number?
False
Is 2116175917 composite?
False
Is 646437629 prime?
True
Is 13188823939 a composite number?
False
Is 32820068381 prime?
True
Is 107902116789 composite?
True
Is 6248693194 composite?
True
Is 14204150501 a composite number?
False
Is 5912599669 composite?
False
Is 65143930673 composite?
True
Is 506628433 prime?
True
Is 1908172681 composite?
True
Is 17719063969 a composite number?
False
Is 7357512883 a composite number?
True
Is 315173981 composite?
False
Is 45432491887 a composite number?
False
Is 1912023023 a prime number?
True
Is 8772521897 a prime number?
True
Is 25951254811 a composite number?
True
Is 1289653649 a prime number?
False
Is 8427495959 composite?
False
Is 56142059 a prime number?
True
Is 3778941391 composite?
False
Is 204851562187 a prime number?
False
Is 9906344339 a prime number?
True
Is 770766809 a prime number?
True
Is 2906437 a prime number?
False
Is 49021918559 prime?
True
Is 607846007 prime?
True
Is 3499855921 prime?
False
Is 24170873 a composite number?
True
Is 433298981 a composite number?
True
Is 1142412729 a prime number?
False
Is 1169205823 prime?
False
Is 229042843 a prime number?
True
Is 246023053 composite?
True
Is 20792197 a prime number?
True
Is 349766139907 a prime number?
False
Is 69092874979 prime?
True
Is 5765341177 composite?
False
Is 347122771 prime?
True
Is 29808919919 prime?
True
Is 1038038059 prime?
True
Is 21317735389 prime?
True
Is 3134031259 a prime number?
True
Is 94201364885 prime?
False
Is 492461639 a composite number?
True
Is 7556404309 a composite number?
False
Is 250081939 composite?
False
Is 1478724971 a composite number?
True
Is 179115142639 prime?
False
Is 77163148497 prime?
False
Is 26518160533 a composite number?
True
Is 1348975253 prime?
False
Is 3148052531 a prime number?
False
Is 1584208397 composite?
True
Is 296953777219 composite?
True
Is 7431308701 composite?
True
Is 13762822189 prime?
False
Is 812235097 prime?
True
Is 1029406709 a composite number?
True
Is 212488931 a prime number?
False
Is 35359915207 prime?
True
Is 423383761 prime?
True
Is 29589582551 a composite number?
True
Is 144181063267 a composite number?
True
Is 112044767 a composite number?
True
Is 128261207 prime?
False
Is 202202491 prime?
False
Is 595180343 a prime number?
True
Is 4851263479 prime?
True
Is 28474841669 a prime number?
True
Is 1244751107 prime?
False
Is 120368253787 a composite number?
False
Is 2983611359 a prime number?
False
Is 149838639 a composite number?
True
Is 8202202 prime?
False
Is 707612167 prime?
True
Is 226281571 a prime number?
False
Is 268367241 a composite number?
True
Is 1180995439 prime?
False
Is 9010227917 composite?
False
Is 110085893 a composite number?
True
Is 2051524973 a prime number?
True
Is 767322041 composite?
False
Is 3746409389 prime?
False
Is 17704874087 a composite number?
False
Is 1840334581 prime?
False
Is 5600064803 a prime number?
False
Is 822740371 composite?
True
Is 274123159 a composite number?
True
Is 66699702647 a composite number?
True
Is 1847578981 composite?
True
Is 17896510441 composite?
True
Is 9303449737 a composite number?
True
Is 10774783 prime?
True
Is 156769021 a composite number?
False
Is 4081839681 composite?
True
Is 17121370313 a composite number?
True
Is 419175956783 a prime number?
True
Is 1227311963 prime?
False
Is 24847593233 a composite number?
False
Is 127338350339 a composite number?
False
Is 838110551 a composite number?
True
Is 952573033 a composite number?
True
Is 4013761 composite?
False
Is 750974641 prime?
True
Is 52213296713 prime?
True
Is 1599560357 a composite number?
True
Is 1668673381 composite?
True
Is 12297584971 a composite number?
True
Is 884940493 composite?
False
Is 1970664727 prime?
False
Is 836830847 composite?
False
Is 456972623 prime?
True
Is 8735576039 a composite number?
False
Is 763246941 a composite number?
True
Is 51617911 composite?
True
Is 52333521787 prime?
True
Is 287110793 composite?
False
Is 2782079645 prime?
False
Is 2357137087 a composite number?
False
Is 199615557 composite?
True
Is 4485245095 composite?
True
Is 6042149977 a prime number?
True
Is 5998410755 prime?
False
Is 16997510183 composite?
False
Is 3285633683 composite?
False
Is 28452570383 composite?
False
Is 1475873519 a composite number?
False
Is 1419815273 prime?
True
Is 205086597215 prime?
False
Is 41086928137 a composite number?
True
Is 2372861879 prime?
True
Is 1571298583 prime?
True
Is 128246849633 a composite number?
True
Is 2884783367 a prime number?
True
Is 22469665921 prime?
False
Is 16513858601 a composite number?
False
Is 1851468235 a composite number?
True
Is 729227287 prime?
True
Is 1525602487 composite?
True
Is 90299120341 a composite number?
False
Is 93129273599 a prime number?
True
Is 3341437829 prime?
False
Is 1397349557 prime?
True
Is 965080553 prime?
False
Is 44967292151 compos